{"id":16,"date":"2017-04-14T08:39:15","date_gmt":"2017-04-14T06:39:15","guid":{"rendered":"http:\/\/bien-dans-sa-tete.com\/?page_id=16"},"modified":"2025-06-17T11:26:01","modified_gmt":"2025-06-17T09:26:01","slug":"accueil","status":"publish","type":"page","link":"https:\/\/bien-dans-sa-tete.com\/","title":{"rendered":"Th\u00e9rapie pour les grands et les petits, seul(e), en couple ou en famille"},"content":{"rendered":"\n<div class=\"wp-block-buttons is-content-justification-center is-layout-flex wp-container-core-buttons-is-layout-51f7783f wp-block-buttons-is-layout-flex\">\n<div class=\"wp-block-button\"><a class=\"wp-block-button__link wp-element-button\" href=\"https:\/\/bien-dans-sa-tete.com\/index.php\/visio-therapie\/\">\u2728 Nouveau : Th\u00e9rapie en visio, o\u00f9 que vous soyez<br>Vous ne pouvez pas vous d\u00e9placer ? Vous vivez \u00e0 l\u2019\u00e9tranger ou avez un emploi du temps charg\u00e9 ?<br>B\u00e9n\u00e9ficiez d\u2019un accompagnement th\u00e9rapeutique complet et confidentiel, directement depuis chez vous.<br>\ud83d\udc49 D\u00e9couvrir la th\u00e9rapie en visio<\/a><\/div>\n<\/div>\n\n\n<div id=\"pl-16\" class=\"panel-layout\">\n<div id=\"pg-16-0\" class=\"panel-grid panel-no-style\">\n<div id=\"pgc-16-0-0\" class=\"panel-grid-cell\" data-weight=\"1\">\n<div id=\"panel-16-0-0-0\" class=\"so-panel widget widget_sow-editor panel-first-child panel-last-child\" data-index=\"0\">\n<div class=\"so-widget-sow-editor so-widget-sow-editor-base\">\n<div class=\"siteorigin-widget-tinymce textwidget\">\n<p style=\"text-align: center;\">Individuelles ou familiales, personnelles ou professionnelles, ponctuelles ou r\u00e9currentes, les difficult\u00e9s que vous rencontrez m\u00e9ritent une attention particuli\u00e8re. Il s&rsquo;agit de d\u00e9velopper des solutions efficaces pour un changement rapide, durable et adapt\u00e9 \u00e0 vos besoins personnels.<\/p>\n<p style=\"text-align: left;\"><div class=\"mks_col \">\n<div class=\"mks_one_third \">\n<div id=\"pg-16-0\">\n<div id=\"pgc-16-0-0\" data-weight=\"1\">\n<div id=\"panel-16-0-0-0\" data-index=\"0\">\n<h3 style=\"text-align: center;\">Hypnose<\/h3>\n<div rel=\"custom_overlay\"  class=\"overlay-effect effects clearfix\">\n\t\t\t\t\t<div class=\"img\">\n\t\t\t\t\t<img decoding=\"async\" src=\"https:\/\/bien-dans-sa-tete.com\/wp-content\/uploads\/2017\/04\/Hypnos.jpg\" class=\"\" \/>\n\t\t\t\t\t<div class=\"overlay animated\"  data-in=\"fadeIn\"  data-out=\"fadeOut\" data-width=\"100\" data-height=\"100\" data-speed=\"\" data-color=\"rgba(136,136,136,0.8)\" data-text-position=\"overlay_center\" data-class=\"\">\n\t\t\t\t\t<div rel=\"overlay-content-placeholder\" class=\"overlay_center\">\n\t\t\t\t\t L&rsquo;hypnose Ericksonienne\u00a0est un moyen d&rsquo;agir sur la gestion du stress, l&rsquo;arr\u00eat du tabac, la perte de poids, le manque de confiance en soi.\n\t\t\t\t\t<\/div>\n\t\t\t\t\t<\/div>\n\t\t\t\t\t<\/div>\n\t\t\t\t<\/div>\n<\/div>\n<\/div>\n<\/div>\n<div id=\"pg-16-1\" class=\"panel-grid panel-no-style\" data-style=\"{&quot;background_display&quot;:&quot;tile&quot;,&quot;cell_alignment&quot;:&quot;flex-start&quot;}\">\n<div id=\"pgc-16-1-0\" class=\"panel-grid-cell\" data-style=\"{&quot;background_display&quot;:&quot;tile&quot;,&quot;vertical_alignment&quot;:&quot;auto&quot;}\" data-weight=\"0.33333333333333\">\n<div id=\"panel-16-1-0-0\" class=\"so-panel widget widget_sow-editor panel-first-child panel-last-child\" data-index=\"1\" data-style=\"{&quot;background_image_attachment&quot;:false,&quot;background_display&quot;:&quot;tile&quot;}\">\n<div class=\"so-widget-sow-editor so-widget-sow-editor-base\">\n<div class=\"siteorigin-widget-tinymce textwidget\">\n<div class=\"n module-type-text diyfeLiveArea \">\n<p style=\"text-align: center;\"><strong>Mobilisation de ressources personnelles<\/strong><\/p>\n<\/div>\n<\/div>\n<\/div>\n<\/div>\n<\/div>\n<\/div>\n<\/div>\n<div class=\"mks_one_third \">\n<div id=\"pg-16-0\" class=\"panel-grid panel-no-style\">\n<div id=\"pgc-16-0-0\" class=\"panel-grid-cell\" data-weight=\"1\">\n<div id=\"panel-16-0-0-0\" class=\"so-panel widget widget_sow-editor panel-first-child panel-last-child\" data-index=\"0\">\n<div class=\"so-widget-sow-editor so-widget-sow-editor-base\">\n<div class=\"siteorigin-widget-tinymce textwidget\">\n<h3 style=\"text-align: center;\">\u00a0PNL<\/h3>\n<\/div>\n<\/div>\n<\/div>\n<\/div>\n<\/div>\n<div id=\"pg-16-1\" class=\"panel-grid panel-no-style\" data-style=\"{&quot;background_display&quot;:&quot;tile&quot;,&quot;cell_alignment&quot;:&quot;flex-start&quot;}\">\n<div id=\"pgc-16-1-0\" class=\"panel-grid-cell\" data-style=\"{&quot;background_display&quot;:&quot;tile&quot;,&quot;vertical_alignment&quot;:&quot;auto&quot;}\" data-weight=\"0.33333333333333\">\n<div id=\"panel-16-1-0-0\" class=\"so-panel widget widget_sow-editor panel-first-child panel-last-child\" data-index=\"1\" data-style=\"{&quot;background_image_attachment&quot;:false,&quot;background_display&quot;:&quot;tile&quot;}\">\n<div class=\"so-widget-sow-editor so-widget-sow-editor-base\">\n<div class=\"siteorigin-widget-tinymce textwidget\">\n<div class=\"n module-type-text diyfeLiveArea \">\n<div id=\"pgc-16-1-0\" class=\"panel-grid-cell\" data-style=\"{&quot;background_display&quot;:&quot;tile&quot;,&quot;vertical_alignment&quot;:&quot;auto&quot;}\" data-weight=\"0.33333333333333\"><div rel=\"custom_overlay\"  class=\"overlay-effect effects clearfix\">\n\t\t\t\t\t<div class=\"img\">\n\t\t\t\t\t<img decoding=\"async\" src=\"https:\/\/bien-dans-sa-tete.com\/wp-content\/uploads\/2017\/04\/PNL.jpg\" class=\"\" \/>\n\t\t\t\t\t<div class=\"overlay animated\"  data-in=\"fadeIn\"  data-out=\"fadeOut\" data-width=\"100\" data-height=\"100\" data-speed=\"\" data-color=\"rgba(136,136,136,0.8)\" data-text-position=\"overlay_center\" data-class=\"\">\n\t\t\t\t\t<div rel=\"overlay-content-placeholder\" class=\"overlay_center\">\n\t\t\t\t\t La Programmation Neuro-Linguistique (PNL) comme solution face aux peurs, phobies, traumatismes, probl\u00e8mes de concentration, gestion des \u00e9motions, anxi\u00e9t\u00e9, angoisses, d\u00e9pendances, sch\u00e9mas r\u00e9p\u00e9titifs.\n\t\t\t\t\t<\/div>\n\t\t\t\t\t<\/div>\n\t\t\t\t\t<\/div>\n\t\t\t\t<\/div><\/div>\n<div class=\"panel-grid-cell\" style=\"text-align: center;\" data-style=\"{&quot;background_display&quot;:&quot;tile&quot;,&quot;vertical_alignment&quot;:&quot;auto&quot;}\" data-weight=\"0.33333333333333\">\u00a0<strong>Am\u00e9lioration de l&rsquo;estime de soi et travail sur la motivation<\/strong><\/div>\n<\/div>\n<\/div>\n<\/div>\n<\/div>\n<\/div>\n<\/div>\n<\/div>\n<div class=\"mks_one_third \">\n<h3 style=\"text-align: center;\">Th\u00e9rapie Br\u00e8ve Syst\u00e9mique<\/h3>\n<div class=\"n module-type-text diyfeLiveArea \">\n<div rel=\"custom_overlay\"  class=\"overlay-effect effects clearfix\">\n\t\t\t\t\t<div class=\"img\">\n\t\t\t\t\t<img decoding=\"async\" src=\"https:\/\/bien-dans-sa-tete.com\/wp-content\/uploads\/2017\/04\/TOS.jpg\" class=\"\" \/>\n\t\t\t\t\t<div class=\"overlay animated\"  data-in=\"fadeIn\"  data-out=\"fadeOut\" data-width=\"100\" data-height=\"100\" data-speed=\"\" data-color=\"rgba(136,136,136,0.8)\" data-text-position=\"overlay_center\" data-class=\"\">\n\t\t\t\t\t<div rel=\"overlay-content-placeholder\" class=\"overlay_center\">\n\t\t\t\t\tL&rsquo;approche syst\u00e9mique permet un regard diff\u00e9rent sur les difficult\u00e9s relationnelles, de couple, familiales ou professionnelles. \n\t\t\t\t\t<\/div>\n\t\t\t\t\t<\/div>\n\t\t\t\t\t<\/div>\n\t\t\t\t<\/div>\n<p style=\"text-align: center;\"><strong>Gestion des conflits et am\u00e9lioration de la communication<\/strong><\/p>\n<\/div>\n<\/div>\n<p style=\"text-align: left;\"><\/div>\n<\/div>\n<\/div>\n<\/div>\n<\/div>\n<\/div>\n<div id=\"pg-16-1\" class=\"panel-grid panel-no-style\" data-style=\"{&quot;background_display&quot;:&quot;tile&quot;,&quot;cell_alignment&quot;:&quot;flex-start&quot;}\">\n<div id=\"pgc-16-1-0\" class=\"panel-grid-cell\" data-style=\"{&quot;background_display&quot;:&quot;tile&quot;,&quot;vertical_alignment&quot;:&quot;auto&quot;}\" data-weight=\"0.33333333333333\">\n<div id=\"panel-16-1-0-0\" class=\"so-panel widget widget_sow-editor panel-first-child panel-last-child\" data-index=\"1\" data-style=\"{&quot;background_image_attachment&quot;:false,&quot;background_display&quot;:&quot;tile&quot;}\">\n<div class=\"so-widget-sow-editor so-widget-sow-editor-base\">\n<div class=\"siteorigin-widget-tinymce textwidget\">\n<div class=\"n module-type-text diyfeLiveArea \">\n<p style=\"text-align: justify;\">St\u00e9phane Bini, praticien en<a href=\"https:\/\/bien-dans-sa-tete.com\/index.php\/la-therapie-breve-systemique\/\">\u00a0<strong>Th\u00e9rapie Br\u00e8ve Syst\u00e9mique<\/strong><\/a>,<a href=\"https:\/\/bien-dans-sa-tete.com\/index.php\/la-programmation-neuro-linguistique-pnl\/\">\u00a0<strong>Programmation Neuro-Linguistique<\/strong><\/a> et<a href=\"https:\/\/bien-dans-sa-tete.com\/index.php\/lhypnose-ericksonienne\/\">\u00a0<strong>Hypnose Ericksonienne<\/strong><\/a> vous accueille sur rendez-vous. Les consultations ont lieu au <strong>4 Place du Cordonnier 42780 Violay<\/strong><\/p>\n<p style=\"text-align: justify;\">Individuelles ou familiales, personnelles ou professionnelles, ponctuelles ou r\u00e9currentes, les probl\u00e9matiques que vous rencontrez m\u00e9ritent une attention particuli\u00e8re menant au d\u00e9veloppement de solutions efficaces pour un changement rapide, durable et \u00e9cologique.<\/p>\n<p style=\"text-align: justify;\">Bien que chacun poss\u00e8de en soi les ressources n\u00e9cessaires au changement, il appara\u00eet que certaines tentatives de r\u00e9solutions ne contribuent qu&rsquo;\u00e0 l&rsquo;entretien du probl\u00e8me. L&rsquo;intervention d&rsquo;une aide ext\u00e9rieure, bienveillante et infiniment respectueuse de votre singularit\u00e9 s&rsquo;av\u00e8re utile.<\/p>\n<p style=\"text-align: justify;\">L&rsquo;accompagnement propos\u00e9 devient alors une r\u00e9elle opportunit\u00e9 d&rsquo;acc\u00e9der au changement, et ainsi de vous lib\u00e9rer de ce qui vous encombre en choisissant un fonctionnement qui vous r\u00e9ussit.<\/p>\n<h3 style=\"text-align: center;\">Vous trouverez sur ce site un certain nombre de r\u00e9ponses aux interrogations que vous pouvez avoir avant une <a href=\"https:\/\/bien-dans-sa-tete.com\/index.php\/consultations\/\">consultation<\/a>. Vous d\u00e9couvrirez des informations relatives aux diff\u00e9rents <strong><a href=\"https:\/\/bien-dans-sa-tete.com\/index.php\/techniques-daccompagnement\/\">outils th\u00e9rapeutiques<\/a><\/strong> mis \u00e0 votre disposition pour acc\u00e9der aux changements d\u00e9sir\u00e9s.<\/h3>\n<\/div>\n<\/div>\n<\/div>\n<\/div>\n<\/div>\n<\/div>\n<\/div>\n\n\n<p><\/p>\n","protected":false},"excerpt":{"rendered":"<p>Individuelles ou familiales, personnelles ou professionnelles, ponctuelles ou r\u00e9currentes, les difficult\u00e9s que vous rencontrez m\u00e9ritent une attention particuli\u00e8re. Il s&rsquo;agit de d\u00e9velopper des solutions efficaces pour un changement rapide, durable et adapt\u00e9 \u00e0 vos besoins personnels. St\u00e9phane Bini, praticien en\u00a0Th\u00e9rapie Br\u00e8ve Syst\u00e9mique,\u00a0Programmation Neuro-Linguistique et\u00a0Hypnose Ericksonienne vous accueille sur rendez-vous. Les consultations ont lieu au 4&#8230;<\/p>\n","protected":false},"author":1,"featured_media":39,"parent":0,"menu_order":0,"comment_status":"closed","ping_status":"closed","template":"","meta":{"_kadence_starter_templates_imported_post":false,"_kad_post_transparent":"","_kad_post_title":"","_kad_post_layout":"","_kad_post_sidebar_id":"","_kad_post_content_style":"","_kad_post_vertical_padding":"","_kad_post_feature":"","_kad_post_feature_position":"","_kad_post_header":false,"_kad_post_footer":false,"footnotes":""},"class_list":["post-16","page","type-page","status-publish","has-post-thumbnail","hentry"],"_links":{"self":[{"href":"https:\/\/bien-dans-sa-tete.com\/index.php\/wp-json\/wp\/v2\/pages\/16","targetHints":{"allow":["GET"]}}],"collection":[{"href":"https:\/\/bien-dans-sa-tete.com\/index.php\/wp-json\/wp\/v2\/pages"}],"about":[{"href":"https:\/\/bien-dans-sa-tete.com\/index.php\/wp-json\/wp\/v2\/types\/page"}],"author":[{"embeddable":true,"href":"https:\/\/bien-dans-sa-tete.com\/index.php\/wp-json\/wp\/v2\/users\/1"}],"replies":[{"embeddable":true,"href":"https:\/\/bien-dans-sa-tete.com\/index.php\/wp-json\/wp\/v2\/comments?post=16"}],"version-history":[{"count":55,"href":"https:\/\/bien-dans-sa-tete.com\/index.php\/wp-json\/wp\/v2\/pages\/16\/revisions"}],"predecessor-version":[{"id":436,"href":"https:\/\/bien-dans-sa-tete.com\/index.php\/wp-json\/wp\/v2\/pages\/16\/revisions\/436"}],"wp:featuredmedia":[{"embeddable":true,"href":"https:\/\/bien-dans-sa-tete.com\/index.php\/wp-json\/wp\/v2\/media\/39"}],"wp:attachment":[{"href":"https:\/\/bien-dans-sa-tete.com\/index.php\/wp-json\/wp\/v2\/media?parent=16"}],"curies":[{"name":"wp","href":"https:\/\/api.w.org\/{rel}","templated":true}]}}

Thérapie pour les grands et les petits, seul(e), en couple ou en famille

<div class="wp-block-buttons is-content-justification-center is-layout-flex wp-container-core-buttons-is-layout-51f7783f wp-block-buttons-is-layout-flex">
<div class="wp-block-button"><a class="wp-block-button__link wp-element-button" href="https://bien-dans-sa-tete.com/index.php/visio-therapie/">✨ Nouveau : Thérapie en visio, où que vous soyez<br>Vous ne pouvez pas vous déplacer ? Vous vivez à l’étranger ou avez un emploi du temps chargé ?<br>Bénéficiez d’un accompagnement thérapeutique complet et confidentiel, directement depuis chez vous.<br>👉 Découvrir la thérapie en visio</a></div>
</div>


<div id="pl-16" class="panel-layout">
<div id="pg-16-0" class="panel-grid panel-no-style">
<div id="pgc-16-0-0" class="panel-grid-cell" data-weight="1">
<div id="panel-16-0-0-0" class="so-panel widget widget_sow-editor panel-first-child panel-last-child" data-index="0">
<div class="so-widget-sow-editor so-widget-sow-editor-base">
<div class="siteorigin-widget-tinymce textwidget">
<p style="text-align: center;">Individuelles ou familiales, personnelles ou professionnelles, ponctuelles ou récurrentes, les difficultés que vous rencontrez méritent une attention particulière. Il s&rsquo;agit de développer des solutions efficaces pour un changement rapide, durable et adapté à vos besoins personnels.</p>
<p style="text-align: left;"><div class="mks_col ">
<div class="mks_one_third ">
<div id="pg-16-0">
<div id="pgc-16-0-0" data-weight="1">
<div id="panel-16-0-0-0" data-index="0">
<h3 style="text-align: center;">Hypnose</h3>
<div rel="custom_overlay"  class="overlay-effect effects clearfix">
					<div class="img">
					<img decoding="async" src="https://bien-dans-sa-tete.com/wp-content/uploads/2017/04/Hypnos.jpg" class="" />
					<div class="overlay animated"  data-in="fadeIn"  data-out="fadeOut" data-width="100" data-height="100" data-speed="" data-color="rgba(136,136,136,0.8)" data-text-position="overlay_center" data-class="">
					<div rel="overlay-content-placeholder" class="overlay_center">
					 L&rsquo;hypnose Ericksonienne est un moyen d&rsquo;agir sur la gestion du stress, l&rsquo;arrêt du tabac, la perte de poids, le manque de confiance en soi.
					</div>
					</div>
					</div>
				</div>
</div>
</div>
</div>
<div id="pg-16-1" class="panel-grid panel-no-style" data-style="{&quot;background_display&quot;:&quot;tile&quot;,&quot;cell_alignment&quot;:&quot;flex-start&quot;}">
<div id="pgc-16-1-0" class="panel-grid-cell" data-style="{&quot;background_display&quot;:&quot;tile&quot;,&quot;vertical_alignment&quot;:&quot;auto&quot;}" data-weight="0.33333333333333">
<div id="panel-16-1-0-0" class="so-panel widget widget_sow-editor panel-first-child panel-last-child" data-index="1" data-style="{&quot;background_image_attachment&quot;:false,&quot;background_display&quot;:&quot;tile&quot;}">
<div class="so-widget-sow-editor so-widget-sow-editor-base">
<div class="siteorigin-widget-tinymce textwidget">
<div class="n module-type-text diyfeLiveArea ">
<p style="text-align: center;"><strong>Mobilisation de ressources personnelles</strong></p>
</div>
</div>
</div>
</div>
</div>
</div>
</div>
<div class="mks_one_third ">
<div id="pg-16-0" class="panel-grid panel-no-style">
<div id="pgc-16-0-0" class="panel-grid-cell" data-weight="1">
<div id="panel-16-0-0-0" class="so-panel widget widget_sow-editor panel-first-child panel-last-child" data-index="0">
<div class="so-widget-sow-editor so-widget-sow-editor-base">
<div class="siteorigin-widget-tinymce textwidget">
<h3 style="text-align: center;"> PNL</h3>
</div>
</div>
</div>
</div>
</div>
<div id="pg-16-1" class="panel-grid panel-no-style" data-style="{&quot;background_display&quot;:&quot;tile&quot;,&quot;cell_alignment&quot;:&quot;flex-start&quot;}">
<div id="pgc-16-1-0" class="panel-grid-cell" data-style="{&quot;background_display&quot;:&quot;tile&quot;,&quot;vertical_alignment&quot;:&quot;auto&quot;}" data-weight="0.33333333333333">
<div id="panel-16-1-0-0" class="so-panel widget widget_sow-editor panel-first-child panel-last-child" data-index="1" data-style="{&quot;background_image_attachment&quot;:false,&quot;background_display&quot;:&quot;tile&quot;}">
<div class="so-widget-sow-editor so-widget-sow-editor-base">
<div class="siteorigin-widget-tinymce textwidget">
<div class="n module-type-text diyfeLiveArea ">
<div id="pgc-16-1-0" class="panel-grid-cell" data-style="{&quot;background_display&quot;:&quot;tile&quot;,&quot;vertical_alignment&quot;:&quot;auto&quot;}" data-weight="0.33333333333333"><div rel="custom_overlay"  class="overlay-effect effects clearfix">
					<div class="img">
					<img decoding="async" src="https://bien-dans-sa-tete.com/wp-content/uploads/2017/04/PNL.jpg" class="" />
					<div class="overlay animated"  data-in="fadeIn"  data-out="fadeOut" data-width="100" data-height="100" data-speed="" data-color="rgba(136,136,136,0.8)" data-text-position="overlay_center" data-class="">
					<div rel="overlay-content-placeholder" class="overlay_center">
					 La Programmation Neuro-Linguistique (PNL) comme solution face aux peurs, phobies, traumatismes, problèmes de concentration, gestion des émotions, anxiété, angoisses, dépendances, schémas répétitifs.
					</div>
					</div>
					</div>
				</div></div>
<div class="panel-grid-cell" style="text-align: center;" data-style="{&quot;background_display&quot;:&quot;tile&quot;,&quot;vertical_alignment&quot;:&quot;auto&quot;}" data-weight="0.33333333333333"> <strong>Amélioration de l&rsquo;estime de soi et travail sur la motivation</strong></div>
</div>
</div>
</div>
</div>
</div>
</div>
</div>
<div class="mks_one_third ">
<h3 style="text-align: center;">Thérapie Brève Systémique</h3>
<div class="n module-type-text diyfeLiveArea ">
<div rel="custom_overlay"  class="overlay-effect effects clearfix">
					<div class="img">
					<img decoding="async" src="https://bien-dans-sa-tete.com/wp-content/uploads/2017/04/TOS.jpg" class="" />
					<div class="overlay animated"  data-in="fadeIn"  data-out="fadeOut" data-width="100" data-height="100" data-speed="" data-color="rgba(136,136,136,0.8)" data-text-position="overlay_center" data-class="">
					<div rel="overlay-content-placeholder" class="overlay_center">
					L&rsquo;approche systémique permet un regard différent sur les difficultés relationnelles, de couple, familiales ou professionnelles. 
					</div>
					</div>
					</div>
				</div>
<p style="text-align: center;"><strong>Gestion des conflits et amélioration de la communication</strong></p>
</div>
</div>
<p style="text-align: left;"></div>
</div>
</div>
</div>
</div>
</div>
<div id="pg-16-1" class="panel-grid panel-no-style" data-style="{&quot;background_display&quot;:&quot;tile&quot;,&quot;cell_alignment&quot;:&quot;flex-start&quot;}">
<div id="pgc-16-1-0" class="panel-grid-cell" data-style="{&quot;background_display&quot;:&quot;tile&quot;,&quot;vertical_alignment&quot;:&quot;auto&quot;}" data-weight="0.33333333333333">
<div id="panel-16-1-0-0" class="so-panel widget widget_sow-editor panel-first-child panel-last-child" data-index="1" data-style="{&quot;background_image_attachment&quot;:false,&quot;background_display&quot;:&quot;tile&quot;}">
<div class="so-widget-sow-editor so-widget-sow-editor-base">
<div class="siteorigin-widget-tinymce textwidget">
<div class="n module-type-text diyfeLiveArea ">
<p style="text-align: justify;">Stéphane Bini, praticien en<a href="https://bien-dans-sa-tete.com/index.php/la-therapie-breve-systemique/"> <strong>Thérapie Brève Systémique</strong></a>,<a href="https://bien-dans-sa-tete.com/index.php/la-programmation-neuro-linguistique-pnl/"> <strong>Programmation Neuro-Linguistique</strong></a> et<a href="https://bien-dans-sa-tete.com/index.php/lhypnose-ericksonienne/"> <strong>Hypnose Ericksonienne</strong></a> vous accueille sur rendez-vous. Les consultations ont lieu au <strong>4 Place du Cordonnier 42780 Violay</strong></p>
<p style="text-align: justify;">Individuelles ou familiales, personnelles ou professionnelles, ponctuelles ou récurrentes, les problématiques que vous rencontrez méritent une attention particulière menant au développement de solutions efficaces pour un changement rapide, durable et écologique.</p>
<p style="text-align: justify;">Bien que chacun possède en soi les ressources nécessaires au changement, il apparaît que certaines tentatives de résolutions ne contribuent qu&rsquo;à l&rsquo;entretien du problème. L&rsquo;intervention d&rsquo;une aide extérieure, bienveillante et infiniment respectueuse de votre singularité s&rsquo;avère utile.</p>
<p style="text-align: justify;">L&rsquo;accompagnement proposé devient alors une réelle opportunité d&rsquo;accéder au changement, et ainsi de vous libérer de ce qui vous encombre en choisissant un fonctionnement qui vous réussit.</p>
<h3 style="text-align: center;">Vous trouverez sur ce site un certain nombre de réponses aux interrogations que vous pouvez avoir avant une <a href="https://bien-dans-sa-tete.com/index.php/consultations/">consultation</a>. Vous découvrirez des informations relatives aux différents <strong><a href="https://bien-dans-sa-tete.com/index.php/techniques-daccompagnement/">outils thérapeutiques</a></strong> mis à votre disposition pour accéder aux changements désirés.</h3>
</div>
</div>
</div>
</div>
</div>
</div>
</div>


<p></p>

<p>Individuelles ou familiales, personnelles ou professionnelles, ponctuelles ou récurrentes, les difficultés que vous rencontrez méritent une attention particulière. Il s&rsquo;agit de développer des solutions efficaces pour un changement rapide, durable et adapté à vos besoins personnels. Stéphane Bini, praticien en Thérapie Brève Systémique, Programmation Neuro-Linguistique et Hypnose Ericksonienne vous accueille sur rendez-vous. Les consultations ont lieu au 4&#8230;</p>
