{"id":301,"date":"2019-01-31T17:32:00","date_gmt":"2019-01-31T16:32:00","guid":{"rendered":"http:\/\/bien-dans-sa-tete.com\/?page_id=301"},"modified":"2019-01-31T17:46:10","modified_gmt":"2019-01-31T16:46:10","slug":"actualites-et-informations-diverses","status":"publish","type":"page","link":"https:\/\/bien-dans-sa-tete.com\/index.php\/actualites-et-informations-diverses\/","title":{"rendered":"Actualit\u00e9s et Informations Diverses"},"content":{"rendered":"\n<p style=\"font-size:27px;text-align:center\">Dans cette rubrique vous trouverez des informations sur l&rsquo;actualit\u00e9 du cabinet, des liens, des vid\u00e9os ou toutes formes de m\u00e9dias touchant aux th\u00e9rapies et plus largement au bien \u00eatre.<\/p>\n","protected":false},"excerpt":{"rendered":"<p>Dans cette rubrique vous trouverez des informations sur l&rsquo;actualit\u00e9 du cabinet, des liens, des vid\u00e9os ou toutes formes de m\u00e9dias touchant aux th\u00e9rapies et plus largement au bien \u00eatre.<\/p>\n","protected":false},"author":1,"featured_media":0,"parent":0,"menu_order":0,"comment_status":"closed","ping_status":"closed","template":"","meta":{"_kadence_starter_templates_imported_post":false,"_kad_post_transparent":"","_kad_post_title":"","_kad_post_layout":"","_kad_post_sidebar_id":"","_kad_post_content_style":"","_kad_post_vertical_padding":"","_kad_post_feature":"","_kad_post_feature_position":"","_kad_post_header":false,"_kad_post_footer":false,"footnotes":""},"class_list":["post-301","page","type-page","status-publish","hentry"],"_links":{"self":[{"href":"https:\/\/bien-dans-sa-tete.com\/index.php\/wp-json\/wp\/v2\/pages\/301","targetHints":{"allow":["GET"]}}],"collection":[{"href":"https:\/\/bien-dans-sa-tete.com\/index.php\/wp-json\/wp\/v2\/pages"}],"about":[{"href":"https:\/\/bien-dans-sa-tete.com\/index.php\/wp-json\/wp\/v2\/types\/page"}],"author":[{"embeddable":true,"href":"https:\/\/bien-dans-sa-tete.com\/index.php\/wp-json\/wp\/v2\/users\/1"}],"replies":[{"embeddable":true,"href":"https:\/\/bien-dans-sa-tete.com\/index.php\/wp-json\/wp\/v2\/comments?post=301"}],"version-history":[{"count":3,"href":"https:\/\/bien-dans-sa-tete.com\/index.php\/wp-json\/wp\/v2\/pages\/301\/revisions"}],"predecessor-version":[{"id":313,"href":"https:\/\/bien-dans-sa-tete.com\/index.php\/wp-json\/wp\/v2\/pages\/301\/revisions\/313"}],"wp:attachment":[{"href":"https:\/\/bien-dans-sa-tete.com\/index.php\/wp-json\/wp\/v2\/media?parent=301"}],"curies":[{"name":"wp","href":"https:\/\/api.w.org\/{rel}","templated":true}]}}