{"id":57,"date":"2017-04-20T00:17:54","date_gmt":"2017-04-19T22:17:54","guid":{"rendered":"http:\/\/bien-dans-sa-tete.com\/?page_id=57"},"modified":"2025-06-18T17:10:58","modified_gmt":"2025-06-18T15:10:58","slug":"cabinet","status":"publish","type":"page","link":"https:\/\/bien-dans-sa-tete.com\/index.php\/cabinet\/","title":{"rendered":"Qui suis-je?"},"content":{"rendered":"\n<figure class=\"wp-block-gallery has-nested-images columns-default is-cropped wp-block-gallery-1 is-layout-flex wp-block-gallery-is-layout-flex\">\n<figure class=\"wp-block-image size-large\"><img loading=\"lazy\" decoding=\"async\" width=\"1024\" height=\"759\" data-id=\"450\" src=\"https:\/\/bien-dans-sa-tete.com\/wp-content\/uploads\/2025\/06\/WhatsApp-Image-2025-06-17-a-12.49.40_089ccd78-1024x759.jpg\" alt=\"\" class=\"wp-image-450\" srcset=\"https:\/\/bien-dans-sa-tete.com\/wp-content\/uploads\/2025\/06\/WhatsApp-Image-2025-06-17-a-12.49.40_089ccd78-1024x759.jpg 1024w, https:\/\/bien-dans-sa-tete.com\/wp-content\/uploads\/2025\/06\/WhatsApp-Image-2025-06-17-a-12.49.40_089ccd78-300x222.jpg 300w, https:\/\/bien-dans-sa-tete.com\/wp-content\/uploads\/2025\/06\/WhatsApp-Image-2025-06-17-a-12.49.40_089ccd78-768x569.jpg 768w, https:\/\/bien-dans-sa-tete.com\/wp-content\/uploads\/2025\/06\/WhatsApp-Image-2025-06-17-a-12.49.40_089ccd78.jpg 1052w\" sizes=\"auto, (max-width: 1024px) 100vw, 1024px\" \/><\/figure>\n<\/figure>\n\n\n\n<h1 class=\"wp-block-heading\">Qui suis-je ?<\/h1>\n\n\n\n<p>Je m\u2019appelle <strong>St\u00e9phane Bini<\/strong>, psychopraticien sp\u00e9cialis\u00e9 en <strong>Th\u00e9rapie Br\u00e8ve Syst\u00e9mique<\/strong>, <strong>Hypnose Ericksonienne<\/strong> et <strong>Programmation Neuro-Linguistique (PNL)<\/strong>.<\/p>\n\n\n\n<h2 class=\"wp-block-heading\">\ud83c\udf93 Parcours et formations<\/h2>\n\n\n\n<p>Form\u00e9 initialement comme <strong>\u00c9ducateur de Jeunes Enfants<\/strong>, j\u2019ai poursuivi mon chemin avec un <strong>Master en Sciences de l\u2019\u00c9ducation<\/strong> option clinique d&rsquo;orientation psychanalytique. Depuis 2012, je d\u00e9veloppe et affine ma pratique gr\u00e2ce \u00e0 une formation continue en th\u00e9rapie br\u00e8ve, syst\u00e9mie, hypnose et PNL.<\/p>\n\n\n\n<h2 class=\"wp-block-heading\">\ud83d\udcbc Mon exp\u00e9rience<\/h2>\n\n\n\n<p>J\u2019accompagne enfants, adultes et familles depuis plus de 25 ans, d\u2019abord en structure petite enfance, puis en cabinet. Depuis 2015, je suis \u00e9galement <strong>formateur en th\u00e9rapie br\u00e8ve syst\u00e9mique et PNL<\/strong> pour l\u2019organisme <strong>Psynapse<\/strong>.<\/p>\n\n\n\n<h2 class=\"wp-block-heading\">\ud83d\udee0\ufe0f Mon approche<\/h2>\n\n\n\n<p>Mon accompagnement est <strong>int\u00e9gratif et centr\u00e9 sur les solutions<\/strong>, adapt\u00e9 \u00e0 chaque personne selon sa singularit\u00e9, ses ressources et ses objectifs. Les s\u00e9ances peuvent concerner : stress, estime de soi, addictions, transitions de vie, deuils, conflits relationnels\u2026<\/p>\n\n\n\n<h2 class=\"wp-block-heading\">\ud83c\udf0d Pourquoi me faire confiance ?<\/h2>\n\n\n\n<ul class=\"wp-block-list\">\n<li>Une <strong>vision holistique<\/strong> du changement : je travaille \u00e0 partir du pr\u00e9sent dans une orientation future et syst\u00e9mique, en mobilisant vos ressources personnelles.<\/li>\n\n\n\n<li>Une <strong>\u00e9coute bienveillante et sans jugement<\/strong><\/li>\n\n\n\n<li>Un <strong>cadre \u00e9thique<\/strong>, align\u00e9 avec la <a href=\"https:\/\/www.sup-h.org\/charte-ethique\" target=\"_blank\" rel=\"noreferrer noopener\">charte du SUP-H<\/a><\/li>\n<\/ul>\n\n\n\n<h2 class=\"wp-block-heading\">\ud83d\udccd Localisation &amp; rendez-vous<\/h2>\n\n\n\n<p>Je vous accueille :<\/p>\n\n\n\n<ul class=\"wp-block-list\">\n<li>au cabinet, \u00e0 Violay \u2013 4 Place du Cordonnier<\/li>\n\n\n\n<li>ou \u00e0 distance, en visio-consultation via <strong>Crenolibre<\/strong><\/li>\n<\/ul>\n\n\n\n<h2 class=\"wp-block-heading\">\u2728 En r\u00e9sum\u00e9<\/h2>\n\n\n\n<p>Je suis un praticien engag\u00e9 et exp\u00e9riment\u00e9, au croisement entre <strong>th\u00e9rapie<\/strong> et <strong>transmission<\/strong>. Mon objectif\u202f: vous accompagner vers un mieux-\u00eatre durable, en co-construisant un chemin adapt\u00e9 \u00e0 votre rythme.<\/p>\n\n\n\n<blockquote class=\"wp-block-quote is-layout-flow wp-block-quote-is-layout-flow\">\n<p>\u201cChacun poss\u00e8de en soi les ressources n\u00e9cessaires au changement. Ensemble, nous construisons la strat\u00e9gie sur mesure qui vous convient.\u201d<\/p>\n<\/blockquote>\n\n\n\n<p><\/p>\n","protected":false},"excerpt":{"rendered":"<p>Qui suis-je ? Je m\u2019appelle St\u00e9phane Bini, psychopraticien sp\u00e9cialis\u00e9 en Th\u00e9rapie Br\u00e8ve Syst\u00e9mique, Hypnose Ericksonienne et Programmation Neuro-Linguistique (PNL). \ud83c\udf93 Parcours et formations Form\u00e9 initialement comme \u00c9ducateur de Jeunes Enfants, j\u2019ai poursuivi mon chemin avec un Master en Sciences de l\u2019\u00c9ducation option clinique d&rsquo;orientation psychanalytique. Depuis 2012, je d\u00e9veloppe et affine ma pratique gr\u00e2ce \u00e0&#8230;<\/p>\n","protected":false},"author":1,"featured_media":0,"parent":0,"menu_order":0,"comment_status":"closed","ping_status":"closed","template":"","meta":{"_kadence_starter_templates_imported_post":false,"_kad_post_transparent":"","_kad_post_title":"","_kad_post_layout":"","_kad_post_sidebar_id":"","_kad_post_content_style":"","_kad_post_vertical_padding":"","_kad_post_feature":"","_kad_post_feature_position":"","_kad_post_header":false,"_kad_post_footer":false,"footnotes":""},"class_list":["post-57","page","type-page","status-publish","hentry"],"_links":{"self":[{"href":"https:\/\/bien-dans-sa-tete.com\/index.php\/wp-json\/wp\/v2\/pages\/57","targetHints":{"allow":["GET"]}}],"collection":[{"href":"https:\/\/bien-dans-sa-tete.com\/index.php\/wp-json\/wp\/v2\/pages"}],"about":[{"href":"https:\/\/bien-dans-sa-tete.com\/index.php\/wp-json\/wp\/v2\/types\/page"}],"author":[{"embeddable":true,"href":"https:\/\/bien-dans-sa-tete.com\/index.php\/wp-json\/wp\/v2\/users\/1"}],"replies":[{"embeddable":true,"href":"https:\/\/bien-dans-sa-tete.com\/index.php\/wp-json\/wp\/v2\/comments?post=57"}],"version-history":[{"count":25,"href":"https:\/\/bien-dans-sa-tete.com\/index.php\/wp-json\/wp\/v2\/pages\/57\/revisions"}],"predecessor-version":[{"id":453,"href":"https:\/\/bien-dans-sa-tete.com\/index.php\/wp-json\/wp\/v2\/pages\/57\/revisions\/453"}],"wp:attachment":[{"href":"https:\/\/bien-dans-sa-tete.com\/index.php\/wp-json\/wp\/v2\/media?parent=57"}],"curies":[{"name":"wp","href":"https:\/\/api.w.org\/{rel}","templated":true}]}}

<figure class="wp-block-gallery has-nested-images columns-default is-cropped wp-block-gallery-1 is-layout-flex wp-block-gallery-is-layout-flex">
<figure class="wp-block-image size-large"><img loading="lazy" decoding="async" width="1024" height="759" data-id="450" src="https://bien-dans-sa-tete.com/wp-content/uploads/2025/06/WhatsApp-Image-2025-06-17-a-12.49.40_089ccd78-1024x759.jpg" alt="" class="wp-image-450" srcset="https://bien-dans-sa-tete.com/wp-content/uploads/2025/06/WhatsApp-Image-2025-06-17-a-12.49.40_089ccd78-1024x759.jpg 1024w, https://bien-dans-sa-tete.com/wp-content/uploads/2025/06/WhatsApp-Image-2025-06-17-a-12.49.40_089ccd78-300x222.jpg 300w, https://bien-dans-sa-tete.com/wp-content/uploads/2025/06/WhatsApp-Image-2025-06-17-a-12.49.40_089ccd78-768x569.jpg 768w, https://bien-dans-sa-tete.com/wp-content/uploads/2025/06/WhatsApp-Image-2025-06-17-a-12.49.40_089ccd78.jpg 1052w" sizes="auto, (max-width: 1024px) 100vw, 1024px" /></figure>
</figure>



<h1 class="wp-block-heading">Qui suis-je ?</h1>



<p>Je m’appelle <strong>Stéphane Bini</strong>, psychopraticien spécialisé en <strong>Thérapie Brève Systémique</strong>, <strong>Hypnose Ericksonienne</strong> et <strong>Programmation Neuro-Linguistique (PNL)</strong>.</p>



<h2 class="wp-block-heading">🎓 Parcours et formations</h2>



<p>Formé initialement comme <strong>Éducateur de Jeunes Enfants</strong>, j’ai poursuivi mon chemin avec un <strong>Master en Sciences de l’Éducation</strong> option clinique d&rsquo;orientation psychanalytique. Depuis 2012, je développe et affine ma pratique grâce à une formation continue en thérapie brève, systémie, hypnose et PNL.</p>



<h2 class="wp-block-heading">💼 Mon expérience</h2>



<p>J’accompagne enfants, adultes et familles depuis plus de 25 ans, d’abord en structure petite enfance, puis en cabinet. Depuis 2015, je suis également <strong>formateur en thérapie brève systémique et PNL</strong> pour l’organisme <strong>Psynapse</strong>.</p>



<h2 class="wp-block-heading">🛠️ Mon approche</h2>



<p>Mon accompagnement est <strong>intégratif et centré sur les solutions</strong>, adapté à chaque personne selon sa singularité, ses ressources et ses objectifs. Les séances peuvent concerner : stress, estime de soi, addictions, transitions de vie, deuils, conflits relationnels…</p>



<h2 class="wp-block-heading">🌍 Pourquoi me faire confiance ?</h2>



<ul class="wp-block-list">
<li>Une <strong>vision holistique</strong> du changement : je travaille à partir du présent dans une orientation future et systémique, en mobilisant vos ressources personnelles.</li>



<li>Une <strong>écoute bienveillante et sans jugement</strong></li>



<li>Un <strong>cadre éthique</strong>, aligné avec la <a href="https://www.sup-h.org/charte-ethique" target="_blank" rel="noreferrer noopener">charte du SUP-H</a></li>
</ul>



<h2 class="wp-block-heading">📍 Localisation &amp; rendez-vous</h2>



<p>Je vous accueille :</p>



<ul class="wp-block-list">
<li>au cabinet, à Violay – 4 Place du Cordonnier</li>



<li>ou à distance, en visio-consultation via <strong>Crenolibre</strong></li>
</ul>



<h2 class="wp-block-heading">✨ En résumé</h2>



<p>Je suis un praticien engagé et expérimenté, au croisement entre <strong>thérapie</strong> et <strong>transmission</strong>. Mon objectif : vous accompagner vers un mieux-être durable, en co-construisant un chemin adapté à votre rythme.</p>



<blockquote class="wp-block-quote is-layout-flow wp-block-quote-is-layout-flow">
<p>“Chacun possède en soi les ressources nécessaires au changement. Ensemble, nous construisons la stratégie sur mesure qui vous convient.”</p>
</blockquote>



<p></p>

<p>Qui suis-je ? Je m’appelle Stéphane Bini, psychopraticien spécialisé en Thérapie Brève Systémique, Hypnose Ericksonienne et Programmation Neuro-Linguistique (PNL). 🎓 Parcours et formations Formé initialement comme Éducateur de Jeunes Enfants, j’ai poursuivi mon chemin avec un Master en Sciences de l’Éducation option clinique d&rsquo;orientation psychanalytique. Depuis 2012, je développe et affine ma pratique grâce à&#8230;</p>
